**2. Does 3 divide t(6)?
False
Let k = 6 - 3. Suppose 0 = r - 5*r - u + 225, 5*u = k*r - 140. Does 11 divide r?
True
Let h(y) = y**2 + 5*y + 5. Let j be h(-4). Suppose 2*q = 3*q - j. Is 10 a factor of (q/(-1) - 4)*-2?
True
Suppose 28 = g - 8*g. Let p(o) = -6*o + 7. Is 13 a factor of p(g)?
False
Let a = 75 + -37. Suppose 5 = -3*g + a. Is 4 a factor of g?
False
Suppose 5 + 5 = 5*z. Suppose 5*k - 20 = -p, z*k + 0*k + p = 5. Suppose -2*t + k*f = t - 50, 4*t + 2*f - 110 = 0. Is t a multiple of 8?
False
Let w(b) = b**3 - 5*b**2 + 3*b + 6. Let x be w(5). Suppose -2*f - 2*f + 18 = -2*d, 3*f = 3*d + x. Suppose -4 = -3*u + f. Is 2 a factor of u?
True
Let y(x) = -14*x - 5. Let u be y(-5). Suppose -189 = -2*o - u. Is 31 a factor of o?
True
Suppose 3*m + 3*t + 21 = 6, -4*m + 2*t - 8 = 0. Suppose 2*z = 4*z - 34. Let j = z + m. Is j a multiple of 6?
False
Let j = -2 - -8. Does 4 divide j?
False
Let a(x) = 1 - x + x + 0 - 2*x. Is a(-3) a multiple of 6?
False
Suppose h = -3*n + 238, n = -0*n - 3*h + 90. Does 39 divide n?
True
Suppose -o = 4*o - 80. Suppose -u + o = -2*a + u, -3*u = -4*a - 27. Let h(q) = q**3 + 3*q**2 - 2*q - 1. Does 2 divide h(a)?
False
Suppose -4*d + 5*t + 21 = 0, -t = d - 1 - 11. Is d a multiple of 3?
True
Let m(h) = -h**3 - 3*h**2 - h + 2. Let q be m(-3). Let a be 25/35 + 4/14. Let f = a + q. Is 5 a factor of f?
False
Let n(t) = 5*t - 5. Let k be n(5). Suppose -4*s + k = s. Suppose u + 60 = s*u. Is 17 a factor of u?
False
Let y = 4 + -6. Let j(o) = -3*o + 10. Let t be j(3). Is 0 + 40 + y*t a multiple of 12?
False
Is (5 - (2 + -2))*63/15 a multiple of 20?
False
Is 3/(-9)*(0 - -12)*-4 a multiple of 8?
True
Suppose 0*z + 12 = 3*z. Suppose 5*v - 52 = 2*y, -16 = -3*v - z*y + 10. Is 10 a factor of v?
True
Suppose -2*d + 11 = -61. Suppose 0*v = -2*v - d. Let y = 12 - v. Is 11 a factor of y?
False
Let m be ((-52)/13)/(1 + -3). Suppose -3*j + 21 = c + m*c, -2*j = c - 2. Is c a multiple of 8?
False
Suppose 3*z = -2*y - 11, 10 + 0 = -2*z. Suppose -2*j - 4*v = -0*j - 8, -y*v + 10 = 0. Does 16 divide (-11)/2*j - 1?
True
Suppose 3*l - 18 = -0*l. Let w(q) = 4*q + 8. Is 19 a factor of w(l)?
False
Suppose 2*m = m - 21. Let q = -12 - m. Is 9 a factor of q?
True
Let f = 60 + -15. Is 15 a factor of f?
True
Suppose 0 = -2*j + 7*j - 10. Suppose 14 = 4*d + k, j*k = 3*d - 0*k - 5. Is d a multiple of 3?
True
Let k be 2 + 0/(6 - 3). Suppose -3*i + 40 = -k. Does 7 divide i?
True
Let l be 18/27*18/4. Suppose l*z - 34 = -4*t - 0*z, -4*t + 3*z = -22. Let d(c) = 5*c + 5. Is 19 a factor of d(t)?
False
Let u(q) = -3*q + 0*q - 2 + 1 + 2. Is 16 a factor of u(-5)?
True
Suppose 3*p - 50 = p. Does 25 divide p?
True
Let h = 2 + 1. Let g = h - 0. Is 3 a factor of g?
True
Let z = -15 + 9. Does 10 divide z/(-4) + 146/4?
False
Let a(s) be the second derivative of 2*s**3/3 - 3*s**2 + 3*s. Does 11 divide a(6)?
False
Let w = 18 + -13. Suppose 4 = x - 1, 3*t + 5*x + w = 0. Does 3 divide 30/(-4)*8/t?
True
Let j(m) = -7*m**3 - 9*m**2 + 7*m + 16. Let p(t) = -t**3 + t + 1. Let f(k) = -j(k) + 6*p(k). Is 22 a factor of f(-8)?
False
Suppose 9 = 4*k - 3. Suppose 0 = -5*l + 13 - k. Is (l*-4)/(2/(-1)) a multiple of 3?
False
Suppose -2*r - 2*r - 80 = 0. Let u = 113 + -79. Let y = u + r. Is 7 a factor of y?
True
Let m(z) = z**3 + 11*z**2 + 13*z + 13. Let r be m(-9). Let j = r + -9. Does 13 divide j?
False
Let h(a) = -31*a + 29. Let n(c) = -10*c + 10. Let f(p) = -3*h(p) + 8*n(p). Is 15 a factor of f(4)?
True
Let h(y) = y**2 - 3*y + 6. Let g be h(4). Let a = g + -6. Does 2 divide 93/13 - a/26?
False
Let t(z) = z**3 - 9*z**2 - 7*z + 10. Is t(10) a multiple of 26?
False
Suppose 0 = 5*r - 0*r - 310. Suppose -5*v + 322 = r. Suppose -x + v = x. Does 13 divide x?
True
Suppose -3*l - 232 = -11*l. Does 6 divide l?
False
Let l = -10 - -9. Let y be 0/(0 - (1 + 1)). Is 12 a factor of y/l - (2 - 49)?
False
Suppose -4*j + 131 = 3*n, -49 = -5*n + 3*n + 5*j. Let s = n - 22. Is s a multiple of 4?
False
Let r = -29 + 44. Suppose -b + 3*c - r = b, -5*c + 25 = 3*b. Suppose -3*i + 39 = -b*i. Does 13 divide i?
True
Suppose -3 = 2*x - 13. Suppose 6*b + 2*h - 90 = b, 3*h + 65 = x*b. Does 5 divide b?
False
Let d be (4/(-14))/(3/(-21)). Is (-3 - (-5 + d)) + 48 a multiple of 18?
False
Let h(u) = -u - 1. Let c be h(-3). Let t(f) = -3*f**2 - 2*f. Let v be t(2). Is -1*((-4)/c + v) a multiple of 9?
True
Let w(m) = 3*m**2 + 6*m + 9. Let f be w(-6). Suppose k = 4, 167 = 4*y + 5*k - f. Is 16 a factor of y?
False
Let q(f) = f**2 - 8*f - 9. Let g be q(-6). Suppose -b + 6*b = g. Is 15 a factor of b?
True
Let q(x) = x**3 + 6*x**2 - x + 1. Suppose -13 = 3*b + 2. Does 12 divide q(b)?
False
Suppose 183 = 4*b - g, 2*b - 3*g = g + 102. Does 15 divide b?
True
Suppose 428 = 4*c - 188. Does 15 divide c?
False
Suppose -2*k + 0*k = d - 14, -5*d + 49 = 3*k. Let v be (-1 - -3) + 9/(-3). Let u = d + v. Does 7 divide u?
True
Let h(o) = o**2 + o - 6. Let f = 31 + -19. Suppose b + b = -f. Is 9 a factor of h(b)?
False
Let f(h) = 36*h - 2. Is f(2) a multiple of 10?
True
Let y = -91 + 167. Suppose 4*g + c - 324 = 0, c = g - 0*c - y. Is 17 a factor of g?
False
Let d = 0 + 5. Suppose d*w - 45 = 3*y + 2*y, -17 = 2*w + 5*y. Suppose 125 = w*a - 103. Is a a multiple of 20?
False
Let c be ((-12)/10)/((-9)/30). Let n(b) = -5. Let j(f) = f + 4. Let t(u) = c*j(u) + 3*n(u). Is t(3) a multiple of 6?
False
Let h = -13 + 31. Is 6 a factor of h?
True
Let h = 76 + 38. Is 11 a factor of h?
False
Let f = -6 + 11. Suppose 5*s + 20 = -5*j - 0*s, -12 = f*j - 3*s. Does 27 divide j/(-1)*(-219)/(-9)?
False
Let a(p) = -p**2 - 4*p + 3. Let k be a(-5). Let i = 1 + k. Let m = 4 - i. Is 2 a factor of m?
False
Suppose 179 = -14*i + 879. Is i a multiple of 5?
True
Let g = 6 - 3. Let u(d) = 5*d + 1. Does 8 divide u(g)?
True
Let o = 6 - 4. Suppose 0 = -o*b + r + 51, r = 3*b - 48 - 27. Is b a multiple of 12?
True
Let b(d) = d**2 + 10*d + 22. Let r be b(-7). Let f(j) = -j + 1. Let x be f(1). Is (2*8)/(r - x) a multiple of 16?
True
Suppose o - 16 = -g - 0*o, 0 = -3*o - 15. Let u = 12 - g. Let k = 17 - u. Is k a multiple of 13?
True
Suppose -5*z + 222 = -98. Is 11 a factor of z?
False
Let p be (194/(-4))/(2/(-4)). Suppose -4*s + 9 = -g - 4, 5*s = g + 17. Suppose 2*q + s*l + 18 - 82 = 0, -5*l + p = 3*q. Is q a multiple of 17?
True
Suppose 4*h - 28 = -k, -3*h + 5 = -2*h. Does 16 divide 267*1*k/24?
False
Let s be (-53)/(-4) - (-5)/(-20). Let b(o) = 0*o - 2*o + s - 2*o + 5*o. Does 10 divide b(0)?
False
Suppose 32 = -8*v + 104. Is 3 a factor of v?
True
Let u = 73 + -51. Is 11 a factor of u?
True
Let i = -3 + 7. Suppose -5*u + i*u - 2*p + 33 = 0, 0 = 3*u + 4*p - 107. Does 14 divide u?
False
Let o(s) = -9*s - 19. Does 11 divide o(-20)?
False
Suppose y = -3*y + 112. Suppose -4*l - y = -188. Is l a multiple of 10?
True
Let c(r) = r**2 + 3*r + 4. Is c(-6) a multiple of 8?
False
Let s(y) = -y**3 + 16*y**2 + 6*y - 11. Is 17 a factor of s(16)?
True
Suppose 15 = 5*u, 9 = 4*t + 4*u - 11. Let q = 4 - t. Suppose m = -q*s + 4, -4*s - 24 = -0*m - 2*m. Is 8 a factor of m?
True
Let d(f) = -2*f**2 - 2*f - 4. Let y be d(-4). Let i(n) = 2*n + 39. Let j be i(0). Let k = y + j. Does 11 divide k?
True
Let x = 7 - 3. Is x a multiple of 4?
True
Suppose 0 = -2*c + 2*b - 53 + 129, -58 = -c + 5*b. Suppose 0 = -2*a + 105 - c. Suppose 5*f - 3*x - 84 = 0, -f = 2*f + 3*x - a. Does 15 divide f?
True
Let p be 1*-3*1/(-1). Let h(t) = 9*t + 2. Let f be h(p). Suppose f = 3*y - 13. Is y a multiple of 14?
True
Let q be (-12)/8 + (-6)/(-4). Suppose -2*p + 4 = -q*p + 5*j, -2*p - 2*j = -4. Is 5*((p - -5) + 1) a multiple of 11?
False
Suppose 0 = -3*f - 5 + 14. Let u(d) = -20*d - 3. Let h be u(-7). Suppose 2*x + 4*m - h = -f*x, -5*x - m = -143. Is x a multiple of 13?
False
Let n = 4 + -2. Suppose 0 = n*o - 5*o + 165. Is 18 a factor of o?
False
Suppose -2*o = -23 + 1. Suppose q = 2*t - 9, -4*q + o = 3*t - 19. Let g(p) = p**3 - 5*p**2 - 3*p + 6. Does 12 divide g(t)?
True
Suppose -d + 32 + 34 = 0. Is 10 a factor of d?
False
Suppose -j = 2*j. Let b(q) be the first derivative of q**4/4 - q**3/3 + 19*q - 2. Is b(j) a multiple of 11?
False
Suppose -5*w = -3*w - 30. Suppose -d - 3*l = 6, -w = -d + 3*l + l. Is 16 a factor of d/(-12) + (-189)/(-4)?
False
Let k be 5 + -2 + 1 + -1. Suppose -k*p + 13 = -17. Is p a multiple of 5?
True
Is 247*1 - (